 what is 1 + -100ba?
-100b9
In base 9, what is -107 + -38?
-146
In base 7, what is 2 + 166231?
166233
In base 6, what is 5 + 23354?
23403
In base 10, what is -1817 - -35?
-1782
In base 9, what is 0 + 17076?
17076
In base 4, what is 2 - 2230221112?
-2230221110
In base 7, what is 645 - 44624?
-43646
In base 13, what is -9923bc + 5?
-9923b7
In base 5, what is 1 + -3401310?
-3401304
In base 7, what is 50 - -114354?
114434
In base 11, what is -3a0571 - 2?
-3a0573
In base 13, what is 4 - 6acb8?
-6acb4
In base 2, what is 11 + -1001010011110000000?
-1001010011101111101
In base 8, what is 162 + -25042?
-24660
In base 2, what is -1000101000100 + 1000101?
-1000011111111
In base 12, what is -55 + 195a7?
19552
In base 15, what is 10c3 - -4e?
1122
In base 10, what is -438 - 11025?
-11463
In base 16, what is 44 - -9?
4d
In base 8, what is 12 + -36335?
-36323
In base 7, what is -124620 + 2?
-124615
In base 6, what is 1114 + 1404?
2522
In base 7, what is 6255 + -14?
6241
In base 7, what is -142526 + 105?
-142421
In base 16, what is -25 - f085?
-f0aa
In base 13, what is -3a - 2055?
-2092
In base 14, what is -3 - -25369?
25366
In base 6, what is 11001 - 405?
10152
In base 16, what is 10b9 - -5?
10be
In base 7, what is -3 - 243154?
-243160
In base 4, what is 0 + -121313220?
-121313220
In base 2, what is 101 + -10011001100110010001?
-10011001100110001100
In base 8, what is 162 - -1335?
1517
In base 7, what is 4 - -2060565?
2060602
In base 3, what is 11202102112 + -12?
11202102100
In base 14, what is 1b7 + 2?
1b9
In base 12, what is -9b9 - -8?
-9b1
In base 7, what is 321224 - -1?
321225
In base 8, what is 3547314 - 3?
3547311
In base 9, what is -1 - 7207?
-7208
In base 11, what is 30 - 13aa?
-137a
In base 10, what is 111724 - 1?
111723
In base 6, what is 0 - -354230?
354230
In base 4, what is -10 + 113320320?
113320310
In base 16, what is -2211a - -3?
-22117
In base 3, what is 20 - 200010002?
-200002212
In base 5, what is 104213 + 33?
104301
In base 11, what is 3a092 - -7?
3a099
In base 4, what is -122313 - 113210?
-302123
In base 8, what is -206300 + 5?
-206273
In base 2, what is -101 + -100010100011110101?
-100010100011111010
In base 12, what is 19 - -3345?
3362
In base 13, what is 2254 - 11?
2243
In base 9, what is -31 + 13836?
13805
In base 6, what is -11 + -34530?
-34541
In base 8, what is 2 - 6042710?
-6042706
In base 13, what is -1aba - -6?
-1ab4
In base 9, what is -2557 + 2?
-2555
In base 11, what is -774a6 - -5?
-774a1
In base 5, what is -3 - -43021322?
43021314
In base 3, what is 21112022022 - -10?
21112022102
In base 14, what is 13c7d - -1?
13c80
In base 16, what is -34d6 + -cf?
-35a5
In base 15, what is 2 - 283a7?
-283a5
In base 13, what is -1121 + -3?
-1124
In base 15, what is 39493 - -19?
394ac
In base 4, what is 120 - 131122?
-131002
In base 3, what is 2 - 1202002002?
-1202002000
In base 15, what is 6e + -9c5?
-956
In base 4, what is 11023313 + -1?
11023312
In base 5, what is 122112 - 1340?
120222
In base 12, what is -b8771 - -4?
-b8769
In base 2, what is 11001 - 111111011011?
-111111000010
In base 9, what is 1127 + -6233?
-5105
In base 16, what is 3c3 + -3?
3c0
In base 7, what is -643 - -4224?
3251
In base 13, what is a02 + 140?
b42
In base 8, what is 21211 - -354?
21565
In base 5, what is 102 + 2413131?
2413233
In base 8, what is 2 - 172310?
-172306
In base 14, what is 6 - -48202?
48208
In base 16, what is 1f55c + 3?
1f55f
In base 15, what is 54 + 38c?
3e1
In base 10, what is -77806 - 2?
-77808
In base 6, what is 2 - -50525340?
50525342
In base 16, what is -e1 + -7c?
-15d
In base 5, what is 10232 - 21102?
-10320
In base 6, what is -5 - -145500?
145451
In base 9, what is 3 - -11464?
11467
In base 6, what is 0 - 1255033?
-1255033
In base 14, what is 1884 - -99?
193d
In base 2, what is -1111101 + 1001100?
-110001
In base 7, what is -14244 - -520?
-13424
In base 4, what is -1032230 + 121?
-1032103
In base 10, what is -3 - 6761?
-6764
In base 7, what is 13035564 - 1?
13035563
In base 9, what is 62 + -33222?
-33150
In base 2, what is -100111 - 101111100011?
-110000001010
In base 4, what is -1021 - -233211?
232130
In base 9, what is 3276 + -8?
3267
In base 5, what is 10 + 2343314?
2343324
In base 13, what is -1a6c - -2?
-1a6a
In base 11, what is -4 + -8071?
-8075
In base 3, what is -20110210220 - -2?
-20110210211
In base 4, what is 1111013 + -2?
1111011
In base 8, what is -104603 - -41?
-104542
In base 5, what is 20032133 + 0?
20032133
In base 15, what is -27ba + -3?
-27bd
In base 9, what is 33835 + 34?
33870
In base 2, what is 11101100001110001 + 10?
11101100001110011
In base 16, what is -2 + -5e011?
-5e013
In base 5, what is 243 - 212023?
-211230
In base 8, what is -5045776 + -3?
-5046001
In base 12, what is -4868 + -117?
-4983
In base 9, what is -544 - 1687?
-2342
In base 11, what is -5 + -79170?
-79175
In base 9, what is -5 + -30633?
-30638
In base 9, what is 2 + -40782?
-40780
In base 15, what is -1bb9 + -7?
-1bc1
In base 8, what is -12544355 + 0?
-12544355
In base 15, what is d95c - -4?
d961
In base 13, what is -49 + 3cb?
382
In base 16, what is 2 - -ce5e5?
ce5e7
In base 13, what is -8aa8 - 7?
-8ab2
In base 15, what is 84d4 + -51?
8483
In base 8, what is 4 - -224202?
224206
In base 6, what is -25 + 520?
451
In base 9, what is -2 + 36053?
36051
In base 15, what is daa - 18?
d92
In base 3, what is -21122111 - 212?
-21200100
In base 16, what is 20 - -3d9f?
3dbf
In base 3, what is 2002201 - 1001122?
1001002
In base 13, what is 5 - 528?
-523
In base 7, what is -51 - 2116?
-2200
In base 8, what is -16010 - -1?
-16007
In base 13, what is -4 - 15b50?
-15b54
In base 12, what is -77815 + -2?
-77817
In base 9, what is -20586 - -161?
-20425
In base 9, what is 1 + -22046?
-22045
In base 12, what is 129ba1 + -4?
129b99
In base 5, what is -231220 + 340?
-230330
In base 3, what is 110112 - 120122?
-10010
In base 12, what is -646b - 44?
-64b3
In base 11, what is -24 - -aa8?
a84
In base 6, what is 1 + -253214?
-253213
In base 7, what is 22 - -146226?
146251
In base 3, what is -10102 - -1211100?
1200221
In base 12, what is 66 - 2265?
-21bb
In base 16, what is 27c73d - -3?
27c740
In base 13, what is 6 + b55cc?
b5605
In base 15, what is 14 + 29cb8?
29ccc
In base 8, what is 106 - 43201?
-43073
In base 7, what is -34601 + 1?
-34600
In base 12, what is 5 - -16730?
16735
In base 12, what is 5317 - -3?
531a
In base 10, what is -5 + 80688?
80683
In base 8, what is -2 - -51272?
51270
In base 11, what is -1710 + -15?
-1725
In base 9, what is -744 - 38?
-783
In base 5, what is -10331100 - 20?
-10331120
In base 16, what is 4b76 + -3?
4b73
In base 16, what is 4 - -1cfa?
1cfe
In base 3, what is -10211 + -122010?
-202221
In base 11, what is -94776 + 3?
-94773
In base 11, what is -4 - 4a762?
-4a766
In base 13, what is -766b8 + 6?
-766b2
In base 2, what is 1000110000 - 11101011?
101000101
In base 6, what is 3350233 + 3?
3350240
In base 4, what is -130302302 - 22?
-130302330
In base 3, what is 0 - -2020210?
2020210
In base 14, what is -2c5 + bc?
-207
In base 11, what is 249 - 49?
200
In base 5, what is 3 - -3012202?
3012210
In base 10, what is -3972 - 13?
-3985
In base 12, what is b996 + 17?
b9b1
In base 14, what is 2 - -278c6?
278c8
In base 6, what is -20215144 + -2?
-20215150
In base 5, what is 2 - -212040302?
212040304
In base 7, what is -3 + 314622?
314616
In base 14, what is -4d + 2ac8?
2a79
In base 6, what is -1005 + 1015?
10
In base 2, what is -10100100000000 - 101?
-10100100000101
In base 6, what is 4 - 15042?
-15034
In base 5, what is 2 - 102321213?
-102321211
In base 13, what is bab + -c7?
ab4
In base 3, what is 11020 - -102220?
121010
In base 8, what is 4 + 273152?
273156
In base 13, what is -1 - 194c37?
-194c38
In base 7, what is -2353 + 120?
-2233
In base 6, what is -24215 - 1?
-24220
In base 14, what is -5 + -118b3?
-118b8
In base 15, what is 1e + b?
2a
In base 14, what is -c0 - 19dd?
-1abd
In base 2, what is 100000110101110 - 101?
100000110101001
In base 12, what is 370a5a - -5?
370a63
In base 9, what is 7868 + 47?
8026
In base 16, what is 7ad8 + 0?
7ad8
In base 5, what is 2324120 + -4?
2324111
In base 3, what is -10 + -10012002002?
-10012002012
In base 13, what is 22 - 1b01?
-1aac
In base 11, what is 17a5 + 7a7?
24a1
In base 16, what is 6543 + -a?
6539
In base 11, 